base 8, what is -23173 - 15?
-23210
In base 3, what is 1222122201 + 22?
1222200000
In base 15, what is -1c - -b8?
9b
In base 15, what is -49c - 51?
-4ed
In base 12, what is -1501 + -1?
-1502
In base 8, what is 5 - 50560?
-50553
In base 15, what is -8de + -1d?
-90c
In base 16, what is 19a7 + 3?
19aa
In base 4, what is -103 + -102010?
-102113
In base 2, what is 10 - 1010000011?
-1010000001
In base 5, what is -2 - -1110113?
1110111
In base 4, what is -10032 - -2310120?
2300022
In base 7, what is -355 + 2342?
1654
In base 11, what is 2603 + 459?
2a61
In base 2, what is -100110 - -1111000000?
1110011010
In base 9, what is -3 + 574041?
574037
In base 10, what is -15 - 580?
-595
In base 2, what is 111101000111001 + 11?
111101000111100
In base 10, what is 1146 + -11?
1135
In base 12, what is -aaa + 65?
-a45
In base 7, what is 2 + -365613?
-365611
In base 11, what is 0 + -59181?
-59181
In base 3, what is 20000001 - -201?
20000202
In base 16, what is a + d?
17
In base 12, what is -3873b8 - 2?
-3873ba
In base 12, what is 419 + -1bb0?
-1793
In base 13, what is -c + -c7a?
-c89
In base 5, what is -23223232 - -3?
-23223224
In base 15, what is 5b8 + -5?
5b3
In base 16, what is -1 + 4851?
4850
In base 7, what is -6163166 + 4?
-6163162
In base 8, what is -15745 + 142?
-15603
In base 10, what is 195 - -1015?
1210
In base 8, what is 1776 + 1371?
3367
In base 15, what is 2ec + -b?
2e1
In base 12, what is 617 - -61?
678
In base 14, what is -28bbc + 3?
-28bb9
In base 14, what is -33641 - 1?
-33642
In base 8, what is 2 - -134266?
134270
In base 10, what is 27 - -7606?
7633
In base 8, what is 205 + 32206?
32413
In base 4, what is 11010111201 + 11?
11010111212
In base 2, what is -101 + 111010010110110000?
111010010110101011
In base 13, what is 69c + -8?
694
In base 14, what is -1d24 + -28?
-1d4c
In base 6, what is 4332 - 25?
4303
In base 13, what is 0 + 1a0?
1a0
In base 12, what is 223b - 0?
223b
In base 13, what is -20 - 1706?
-1726
In base 7, what is -132163 - -30?
-132133
In base 10, what is -381 - 133?
-514
In base 4, what is -10020 - 1011212?
-1021232
In base 13, what is -6 + -3b73?
-3b79
In base 3, what is 22 - -2002210?
2010002
In base 13, what is 21a + -279c?
-2582
In base 5, what is -1 + 1443240?
1443234
In base 8, what is 3 - -115130?
115133
In base 12, what is -78672b - 3?
-786732
In base 16, what is 2 + -27a?
-278
In base 7, what is 2355224 + 1?
2355225
In base 3, what is -212212021012 - 2?
-212212021021
In base 11, what is 3 + 13298a?
132992
In base 9, what is -27 + -1463?
-1501
In base 10, what is -256 + 463?
207
In base 2, what is 101011100011 - -110100111?
110010001010
In base 12, what is -3546 - 20?
-3566
In base 15, what is -1a7 - 94?
-24b
In base 6, what is 1051324 - 4?
1051320
In base 6, what is -5 - -524220?
524211
In base 12, what is 2b0ba - 0?
2b0ba
In base 15, what is 7 + -1499c3?
-1499bb
In base 9, what is 34660 + -4?
34655
In base 5, what is 123234 + 1442?
130231
In base 5, what is 1424 - -1111?
3040
In base 7, what is -11230263 + 4?
-11230256
In base 10, what is 37898 + -37?
37861
In base 9, what is 442 + 42?
484
In base 11, what is -1213519 - -3?
-1213516
In base 7, what is 1001 - 43?
625
In base 15, what is -d3db + 0?
-d3db
In base 12, what is -2 - -4603?
4601
In base 10, what is 468262 + -11?
468251
In base 7, what is -12 + -13235?
-13250
In base 16, what is 0 + 27235?
27235
In base 10, what is -5 + 8460?
8455
In base 10, what is -136703 - -20?
-136683
In base 8, what is 440 + 121?
561
In base 4, what is 100321 + -12130?
22131
In base 12, what is 31 - -6556?
6587
In base 2, what is -10 - -10111010101011110110?
10111010101011110100
In base 13, what is 1 + -36b0?
-36ac
In base 12, what is 14707 - -25?
14730
In base 8, what is -33572 + -210?
-34002
In base 16, what is 0 - b75?
-b75
In base 4, what is 33 - 1331312120?
-1331312021
In base 14, what is 30c - 99?
253
In base 4, what is -2 - 2303233211?
-2303233213
In base 11, what is 240 - -176?
406
In base 10, what is -7393 - -74?
-7319
In base 16, what is 4ba + -33a?
180
In base 6, what is -230 + 3424?
3154
In base 10, what is -2 + -84726?
-84728
In base 2, what is 1011001101101000010 + -11?
1011001101100111111
In base 9, what is 160 - -724?
884
In base 7, what is -2250013 + 5?
-2250005
In base 11, what is 5 + -2994a0?
-299496
In base 6, what is -5 - -405303?
405254
In base 8, what is 2215 + -374?
1621
In base 13, what is 8 + -77a5?
-779a
In base 8, what is 436 + -303?
133
In base 10, what is 788 + 9?
797
In base 7, what is 4 - -1161560?
1161564
In base 6, what is 1404 + -13104?
-11300
In base 14, what is 594 + -71b?
-167
In base 8, what is -106116 - 4?
-106122
In base 10, what is -5 - 6740?
-6745
In base 3, what is -20 - -111102?
111012
In base 2, what is -1010111010011000 + -10?
-1010111010011010
In base 16, what is -1ea3 + -1?
-1ea4
In base 13, what is -5 + -2671b?
-26723
In base 11, what is 2096a - 10?
2095a
In base 10, what is 1616 - 26?
1590
In base 11, what is aa899 - -4?
aa8a2
In base 8, what is 32 - -7706?
7740
In base 14, what is -26ca16 + -1?
-26ca17
In base 12, what is 18 - 2584?
-2568
In base 14, what is 509 - d?
4da
In base 14, what is -11 + 1154?
1143
In base 4, what is 3 + 102232223?
102232232
In base 10, what is 1 + 86470?
86471
In base 11, what is -686 + -67?
-742
In base 16, what is 2 - -8d9fc?
8d9fe
In base 12, what is -41b260 + 3?
-41b259
In base 12, what is -ba - 1243?
-1341
In base 5, what is 0 - 10030?
-10030
In base 11, what is -67 - 385?
-441
In base 11, what is -32714 + -2?
-32716
In base 2, what is 110 + 100000000001010?
100000000010000
In base 6, what is -21040130 - -4?
-21040122
In base 6, what is 235 + -214304?
-214025
In base 10, what is 117 + 7868?
7985
In base 2, what is -1000010101100001110 - 101?
-1000010101100010011
In base 14, what is -38 - -13?
-25
In base 8, what is -134 - -265?
131
In base 13, what is 2 - 322a0?
-3229b
In base 5, what is 14 - -111320?
111334
In base 16, what is 36273 - -5?
36278
In base 8, what is -633162 - 47?
-633231
In base 5, what is 21 + 212321?
212342
In base 5, what is 4 + 21312212?
21312221
In base 9, what is -4 + -280352?
-280356
In base 5, what is -10 + -232203?
-232213
In base 3, what is -221 + -1011210?
-1012201
In base 6, what is 43 + 10550?
11033
In base 16, what is d + -6fd?
-6f0
In base 3, what is 200001220 + -11?
200001202
In base 16, what is -23 + -bc88?
-bcab
In base 4, what is 10 - -21112231?
21112301
In base 7, what is 5 - 510254?
-510246
In base 15, what is -e0a - 1e?
-e29
In base 3, what is 21221 - 100221022?
-100122101
In base 7, what is -10632144 - -4?
-10632140
In base 16, what is -134 - -3b7?
283
In base 3, what is 10210002001022 + 12?
10210002001111
In base 3, what is 0 + 100122112?
100122112
In base 9, what is -22184 + 240?
-21844
In base 9, what is 11 - -62257?
62268
In base 7, what is 653 + -25?
625
In base 2, what is -101 - 1010100110010101?
-1010100110011010
In base 12, what is -121 - -306?
1a5
In base 10, what is 2033 - -56?
2089
In base 6, what is 30020 - -51?
30111
In base 2, what is -1110011101100 + 1001?
-1110011100011
In base 13, what is -16b - -4a03?
4865
In base 13, what is 0 + 2325?
2325
In base 13, what is 8 + 5253?
525b
In base 4, what is -13 + 113330?
113311
In base 4, what is -20 + 1332213?
1332133
In base 10, what is -30 + -3?
-33
In base 13, what is -b603 - 28?
-b62b
In base 15, what is 2c - 4ca0?
-4c73
In base 13, what is -172 - 65?
-207
In base 12, what is -1357 + -24?
-137b
In base 16, what is -4b - 30?
-7b
In base 5, what is 2 + -1114433?
-1114431
In base 3, what is 22011100 - 102020?
21202010
In base 8, what is -2603533 + 5?
-2603526
In base 2, what is -1001010001 - 101111?
-1010000000
In base 11, what is 24 - -a704?
a728
In base 15, what is c0d5 + 1c?
c102
In base 10, what is 14993 + 10?
15003
In base 9, what is -14 + -7?
-22
In base 13, what is -233 - bc?
-322
In base 14, what is -443 + 60?
-3c3
In base 6, what is -2 + -3431001?
-3431003
In base 3, what is 100000220 - -2002?
100002222
In base 6, what is -1 + 141124?
141123
In base 7, what is -1566 + -245?
-2144
In base 9, what is 1028 + 72?
1111
In base 14, what is -291289 + -4?
-29128d
In base 11, what is 549 - 159?
3a0
In base 11, what is 5a7009 + 0?
5a7009
In base 6, what is 3 - -1020113?
1020120
In base 13, what is -267 + 47?